is the highest common divisor of 235932368 and 1968?
656
What is the highest common divisor of 390 and 190771360?
130
What is the highest common divisor of 2646 and 458568?
54
Calculate the highest common factor of 1548 and 113130936.
1548
Calculate the greatest common divisor of 638 and 21179309.
29
Calculate the greatest common factor of 17394622 and 106603.
679
Calculate the greatest common divisor of 4767394 and 897.
23
What is the greatest common factor of 2148777 and 39321?
2313
What is the greatest common factor of 1109185 and 23485?
385
What is the greatest common divisor of 28 and 185058286?
14
Calculate the highest common divisor of 324065 and 63560.
35
Calculate the highest common factor of 18031912 and 133.
19
Calculate the greatest common divisor of 1099260 and 41292.
1116
What is the highest common factor of 28423 and 2969212?
661
Calculate the highest common divisor of 1238417354 and 12178.
12178
What is the highest common factor of 11088 and 43782984?
504
What is the greatest common factor of 11 and 22535304?
11
Calculate the greatest common divisor of 122416595 and 35.
35
Calculate the highest common divisor of 1201370 and 5795.
95
What is the highest common factor of 161 and 1164052057?
161
What is the greatest common factor of 4356 and 1308978?
2178
What is the greatest common factor of 4872 and 191643368?
1624
What is the greatest common divisor of 189 and 6254631?
27
What is the highest common factor of 295865 and 191055?
235
What is the highest common divisor of 2883607086 and 114?
114
Calculate the greatest common divisor of 47583 and 7663662.
2799
What is the highest common divisor of 4596 and 99372?
12
What is the greatest common factor of 1606 and 329406?
22
Calculate the greatest common factor of 1667152 and 617996.
14372
Calculate the greatest common divisor of 21789 and 3228.
807
Calculate the highest common factor of 185104 and 3186505.
503
Calculate the greatest common divisor of 130109 and 116.
1
Calculate the greatest common divisor of 33310242 and 3.
3
What is the highest common divisor of 14964 and 478332?
516
What is the highest common divisor of 431261 and 5070457?
4187
What is the highest common divisor of 296329 and 51429?
2449
What is the highest common divisor of 1728 and 103225698?
54
What is the highest common factor of 66 and 779680?
22
What is the highest common factor of 2210 and 566901465?
1105
What is the greatest common factor of 56784 and 7671664?
1456
Calculate the highest common factor of 5489509 and 43.
43
Calculate the greatest common factor of 36 and 79882506.
18
Calculate the highest common divisor of 800 and 9945200.
400
What is the highest common divisor of 1624 and 8783040?
56
What is the highest common factor of 8751110 and 83380?
3790
Calculate the highest common divisor of 45288 and 2938824.
1224
Calculate the greatest common factor of 3925440 and 2280.
120
What is the greatest common divisor of 58 and 2332035?
29
What is the highest common factor of 14 and 27753222?
14
What is the highest common divisor of 117472 and 402464?
32
Calculate the highest common divisor of 27891 and 21572139.
3099
Calculate the highest common factor of 1696 and 24820324.
212
What is the greatest common factor of 25805530 and 85?
5
What is the highest common factor of 12313 and 25368?
7
Calculate the greatest common factor of 215 and 144687905.
215
What is the highest common divisor of 408 and 76950228?
204
What is the greatest common divisor of 6813870 and 140?
70
Calculate the highest common divisor of 1953 and 1861767.
279
What is the highest common factor of 59708 and 6496844?
236
Calculate the highest common factor of 878325 and 27131280.
3585
What is the greatest common factor of 3383458 and 130312?
4654
Calculate the greatest common factor of 35139 and 1642251.
663
Calculate the highest common factor of 166483395 and 1105.
65
What is the greatest common factor of 834412 and 252552?
2476
Calculate the highest common divisor of 35 and 20657245.
35
What is the highest common factor of 160 and 99738480?
80
What is the highest common divisor of 707 and 480200?
7
Calculate the greatest common divisor of 732249 and 1773.
1773
Calculate the highest common factor of 534862584 and 18.
18
What is the highest common factor of 3843 and 1577079?
63
Calculate the highest common factor of 1593 and 376007.
59
Calculate the greatest common divisor of 126 and 168012243.
63
Calculate the highest common factor of 9984 and 111068672.
3328
Calculate the greatest common divisor of 983672 and 4264.
328
Calculate the greatest common factor of 7289943 and 20823.
1893
Calculate the highest common factor of 414639665 and 55.
55
Calculate the highest common factor of 1941940 and 11648.
364
What is the greatest common divisor of 1394060 and 7740?
860
Calculate the greatest common factor of 358542232 and 9584.
4792
Calculate the greatest common divisor of 168 and 756705558.
42
What is the greatest common divisor of 88668250 and 2850?
950
What is the highest common factor of 3621 and 2473449?
51
What is the highest common factor of 7705 and 56347?
67
Calculate the highest common divisor of 52420 and 61510.
10
Calculate the highest common divisor of 4584984 and 16.
8
Calculate the highest common divisor of 26222273 and 5222.
2611
Calculate the highest common divisor of 267468899 and 4929.
1643
What is the highest common factor of 2477613 and 217?
31
Calculate the greatest common divisor of 35937 and 47493.
27
Calculate the highest common factor of 967818580 and 380.
380
Calculate the highest common divisor of 949 and 14828125.
949
Calculate the greatest common divisor of 592317804 and 69.
69
Calculate the highest common divisor of 48 and 1799472.
48
Calculate the greatest common factor of 3600 and 2035738800.
3600
What is the greatest common factor of 50 and 644743300?
50
Calculate the greatest common divisor of 1499238 and 2086.
298
What is the highest common factor of 4572372 and 29?
29
Calculate the highest common factor of 269588242 and 1771.
77
Calculate the highest common divisor of 20870328 and 120.
24
What is the highest common factor of 5781 and 2766420?
141
Calculate the greatest common divisor of 107180 and 85205770.
2330
Calculate the highest common factor of 4453996 and 391.
23
What is the highest common factor of 465148 and 3387?
1129
Calculate the greatest common factor of 691096 and 3668.
28
Calculate the greatest common factor of 3081 and 10904686.
1027
What is the highest common factor of 5800 and 81350?
50
What is the greatest common factor of 9315087 and 2306?
1153
Calculate the greatest common factor of 15445 and 518862419.
3089
Calculate the greatest common factor of 2520 and 8666910.
630
What is the highest common divisor of 1663198875 and 14625?
14625
What is the highest common factor of 498 and 2855947?
83
Calculate the greatest common factor of 152 and 2690416.
8
Calculate the highest common divisor of 4702723 and 5.
1
Calculate the highest common factor of 230882 and 4824.
134
What is the greatest common divisor of 681 and 19776013?
227
Calculate the greatest common divisor of 1189 and 1362307.
41
What is the highest common divisor of 1368899168 and 312?
104
Calculate the highest common divisor of 3692352 and 22080.
192
What is the greatest common divisor of 8891119 and 119?
17
Calculate the highest common factor of 2544726480 and 30.
30
Calculate the highest common divisor of 5159 and 36852211.
737
Calculate the highest common factor of 4643807 and 10547.
53
Calculate the greatest common factor of 8321031 and 3933.
171
Calculate the greatest common divisor of 684 and 191844.
36
What is the greatest common factor of 26086993 and 119?
17
What is the highest common factor of 14785640 and 1185?
395
What is the highest common divisor of 3400 and 15193954?
34
What is the greatest common factor of 3135 and 102345?
15
Calculate the greatest common factor of 48 and 316693968.
48
What is the greatest common factor of 139490420 and 20?
20
What is the greatest common divisor of 25069 and 3387153?
473
What is the greatest common factor of 1384 and 828151?
173
What is the greatest common factor of 974881921 and 1807?
1807
What is the greatest common factor of 2032019540 and 7880?
3940
What is the highest common d